[INFO] fetching crate redox-buffer-pool 0.5.1...
[INFO] building redox-buffer-pool-0.5.1 against master#881c1ac408d93bb7adaa3a51dabab9266e82eee8 for issue-85264
[INFO] extracting crate redox-buffer-pool 0.5.1 into /workspace/builds/worker-11/source
[INFO] validating manifest of crates.io crate redox-buffer-pool 0.5.1 on toolchain 881c1ac408d93bb7adaa3a51dabab9266e82eee8
[INFO] running `Command { std: "/workspace/cargo-home/bin/cargo" "+881c1ac408d93bb7adaa3a51dabab9266e82eee8" "metadata" "--manifest-path" "Cargo.toml" "--no-deps", kill_on_drop: false }`
[INFO] started tweaking crates.io crate redox-buffer-pool 0.5.1
[INFO] finished tweaking crates.io crate redox-buffer-pool 0.5.1
[INFO] tweaked toml for crates.io crate redox-buffer-pool 0.5.1 written to /workspace/builds/worker-11/source/Cargo.toml
[INFO] running `Command { std: "/workspace/cargo-home/bin/cargo" "+881c1ac408d93bb7adaa3a51dabab9266e82eee8" "generate-lockfile" "--manifest-path" "Cargo.toml" "-Zno-index-update", kill_on_drop: false }`
[INFO] running `Command { std: "/workspace/cargo-home/bin/cargo" "+881c1ac408d93bb7adaa3a51dabab9266e82eee8" "fetch" "--manifest-path" "Cargo.toml", kill_on_drop: false }`
[INFO] [stderr]     Blocking waiting for file lock on package cache
[INFO] [stderr]  Downloading crates ...
[INFO] [stderr]   Downloaded spinning v0.0.3
[INFO] [stderr]   Downloaded guard-trait v0.4.1
[INFO] running `Command { std: "docker" "create" "-v" "/var/lib/crater-agent-workspace/builds/worker-11/target:/opt/rustwide/target:rw,Z" "-v" "/var/lib/crater-agent-workspace/builds/worker-11/source:/opt/rustwide/workdir:ro,Z" "-v" "/var/lib/crater-agent-workspace/cargo-home:/opt/rustwide/cargo-home:ro,Z" "-v" "/var/lib/crater-agent-workspace/rustup-home:/opt/rustwide/rustup-home:ro,Z" "-e" "SOURCE_DIR=/opt/rustwide/workdir" "-e" "CARGO_TARGET_DIR=/opt/rustwide/target" "-e" "CARGO_HOME=/opt/rustwide/cargo-home" "-e" "RUSTUP_HOME=/opt/rustwide/rustup-home" "-w" "/opt/rustwide/workdir" "-m" "1610612736" "--user" "0:0" "--network" "none" "ghcr.io/rust-lang/crates-build-env/linux@sha256:20528e8c29e4536546f0102ce88568b16ea7538393a33fcca951030f7af10457" "/opt/rustwide/cargo-home/bin/cargo" "+881c1ac408d93bb7adaa3a51dabab9266e82eee8" "metadata" "--no-deps" "--format-version=1", kill_on_drop: false }`
[INFO] [stdout] 3e156b86ad921a74dfce857122a15636606a275c892ce019f4e71faf0971518a
[INFO] [stderr] WARNING: Your kernel does not support swap limit capabilities or the cgroup is not mounted. Memory limited without swap.
[INFO] running `Command { std: "docker" "start" "-a" "3e156b86ad921a74dfce857122a15636606a275c892ce019f4e71faf0971518a", kill_on_drop: false }`
[INFO] running `Command { std: "docker" "inspect" "3e156b86ad921a74dfce857122a15636606a275c892ce019f4e71faf0971518a", kill_on_drop: false }`
[INFO] running `Command { std: "docker" "rm" "-f" "3e156b86ad921a74dfce857122a15636606a275c892ce019f4e71faf0971518a", kill_on_drop: false }`
[INFO] [stdout] 3e156b86ad921a74dfce857122a15636606a275c892ce019f4e71faf0971518a
[INFO] running `Command { std: "docker" "create" "-v" "/var/lib/crater-agent-workspace/builds/worker-11/target:/opt/rustwide/target:rw,Z" "-v" "/var/lib/crater-agent-workspace/builds/worker-11/source:/opt/rustwide/workdir:ro,Z" "-v" "/var/lib/crater-agent-workspace/cargo-home:/opt/rustwide/cargo-home:ro,Z" "-v" "/var/lib/crater-agent-workspace/rustup-home:/opt/rustwide/rustup-home:ro,Z" "-e" "SOURCE_DIR=/opt/rustwide/workdir" "-e" "CARGO_TARGET_DIR=/opt/rustwide/target" "-e" "CARGO_INCREMENTAL=0" "-e" "RUST_BACKTRACE=full" "-e" "RUSTFLAGS=--cap-lints=forbid" "-e" "CARGO_HOME=/opt/rustwide/cargo-home" "-e" "RUSTUP_HOME=/opt/rustwide/rustup-home" "-w" "/opt/rustwide/workdir" "-m" "1610612736" "--user" "0:0" "--network" "none" "ghcr.io/rust-lang/crates-build-env/linux@sha256:20528e8c29e4536546f0102ce88568b16ea7538393a33fcca951030f7af10457" "/opt/rustwide/cargo-home/bin/cargo" "+881c1ac408d93bb7adaa3a51dabab9266e82eee8" "build" "--frozen" "--message-format=json", kill_on_drop: false }`
[INFO] [stdout] 6953c83e7c9b2b6e8b203d273df751e5826c8ff9591b211327648e6edbb0f0a6
[INFO] [stderr] WARNING: Your kernel does not support swap limit capabilities or the cgroup is not mounted. Memory limited without swap.
[INFO] running `Command { std: "docker" "start" "-a" "6953c83e7c9b2b6e8b203d273df751e5826c8ff9591b211327648e6edbb0f0a6", kill_on_drop: false }`
[INFO] [stderr]    Compiling scopeguard v1.1.0
[INFO] [stderr]    Compiling stable_deref_trait v1.2.0
[INFO] [stderr]    Compiling instant v0.1.9
[INFO] [stderr]    Compiling lock_api v0.4.4
[INFO] [stderr]    Compiling guard-trait v0.4.1
[INFO] [stderr]    Compiling parking_lot_core v0.8.3
[INFO] [stderr]    Compiling parking_lot v0.11.1
[INFO] [stderr]    Compiling redox-buffer-pool v0.5.1 (/opt/rustwide/workdir)
[INFO] [stdout] error[E0599]: no method named `expect_none` found for enum `Option<Size<I>>` in the current scope
[INFO] [stdout]    --> src/lib.rs:857:14
[INFO] [stdout]     |
[INFO] [stdout] 857 |             .expect_none("expected newly-acquired slice not to conflict with any existing one");
[INFO] [stdout]     |              ^^^^^^^^^^^ method not found in `Option<Size<I>>`
[INFO] [stdout] 
[INFO] [stdout] 
[INFO] [stdout] error[E0599]: no method named `expect_none` found for enum `Option<Size<I>>` in the current scope
[INFO] [stdout]     --> src/lib.rs:1277:18
[INFO] [stdout]      |
[INFO] [stdout] 1277 |                 .expect_none("expected new entry not to already be inserted");
[INFO] [stdout]      |                  ^^^^^^^^^^^ method not found in `Option<Size<I>>`
[INFO] [stdout] 
[INFO] [stdout] 
[INFO] [stdout] error[E0599]: no method named `unwrap_none` found for enum `Option<Size<I>>` in the current scope
[INFO] [stdout]     --> src/lib.rs:1609:54
[INFO] [stdout]      |
[INFO] [stdout] 1609 |         occ_write_guard.insert(new_occ_k, new_occ_v).unwrap_none();
[INFO] [stdout]      |                                                      ^^^^^^^^^^^ help: there is an associated function with a similar name: `unwrap_or`
[INFO] [stdout] 
[INFO] [stdout] 
[INFO] [stdout] error: aborting due to 3 previous errors
[INFO] [stdout] 
[INFO] [stdout] 
[INFO] [stdout] For more information about this error, try `rustc --explain E0599`.
[INFO] [stdout] 
[INFO] [stderr] error: could not compile `redox-buffer-pool`
[INFO] [stderr] 
[INFO] [stderr] To learn more, run the command again with --verbose.
[INFO] running `Command { std: "docker" "inspect" "6953c83e7c9b2b6e8b203d273df751e5826c8ff9591b211327648e6edbb0f0a6", kill_on_drop: false }`
[INFO] running `Command { std: "docker" "rm" "-f" "6953c83e7c9b2b6e8b203d273df751e5826c8ff9591b211327648e6edbb0f0a6", kill_on_drop: false }`
[INFO] [stdout] 6953c83e7c9b2b6e8b203d273df751e5826c8ff9591b211327648e6edbb0f0a6
